2*s, 0 = -2*s + 3*b - 12 - 2. Let v = 3 + s. Is (-6)/(-4) + 235/v a prime number?
False
Let w = 51 - 71. Let j be ((-2)/(-4))/(5/w). Is j/7 - (-5814)/14 prime?
False
Let i = 46 - 42. Suppose 4*b - 24 - i = 0. Is b a composite number?
False
Suppose -2*p = -2*w + 444, -3*w + 330 = -2*p - 114. Let l = p + 367. Is l composite?
True
Let b(i) = 7*i**2 - i + 7. Let z be b(5). Let n = z - -586. Is n composite?
True
Let o(j) = 2751*j**2 + 85*j + 553. Is o(-6) a composite number?
False
Let f(a) = 326*a**2 - 6*a + 2. Is f(2) composite?
True
Let l = 8628 + -4546. Suppose 2*j = -736 + l. Is j composite?
True
Let h(a) be the third derivative of 0 - 6*a**2 + 11/24*a**4 + 0*a - a**3. Is h(5) composite?
True
Let d = 12850 - 8951. Is d a prime number?
False
Let u(m) = 40*m**2 - 17*m + 29. Is u(12) composite?
True
Suppose -3*h + 14 = 8. Suppose -5*i + 4*n + 19013 = 0, h*i - 5*n - 11400 = -i. Is i a prime number?
False
Let d be -1 - (1/(-1) - 6). Let c(i) = i**3 - 9*i**2 - 8*i - 22. Let a be c(10). Is (-3)/a*52/d composite?
False
Let c = -11 + 2. Let d = c + 11. Suppose 4*n + 2*u - 275 = -85, -n = -d*u - 45. Is n prime?
True
Let w be 2/(-1) + -69*(-17)/3. Let h(f) = 8*f**2 - 6*f + 10. Let y be h(7). Let i = y + w. Is i prime?
False
Let f(w) = 56*w - 1. Let d be 12/24*(26 + 0). Suppose 11*u + 12 = d*u. Is f(u) composite?
True
Let i = -11350 + 19511. Is i a composite number?
False
Is (-73)/(-146)*(-1 + 1 + 88498) a composite number?
False
Suppose 22398 = 2*n + 4*x, -7*x + 22395 = 2*n - 6*x. Is n a prime number?
True
Let k(r) = 41908*r - 29. Is k(1) composite?
False
Suppose -p + 5*a = -1202, 0 = -7*p + 3*p - 4*a + 4808. Let l = p + -447. Is l prime?
False
Suppose -2*x + 3*i + 47201 = 0, 4*x - 7*x + 70798 = -i. Is x a prime number?
True
Let h(t) = -16*t - 14 + 7 + t**2 + 4. Is h(17) a prime number?
False
Let i be (-3 + 3 + -4 - 0)/2. Is (-1174 + -13)/(i + (2 - 1)) a composite number?
False
Let k = -11 + 14. Suppose 2*y + k*r = 252, 0*y + y = r + 116. Let u = y + -77. Is u composite?
False
Let s be (-15)/(-3) + (-6 - -4). Let n(c) = 109*c + 3. Let y be n(s). Suppose b = y + 51. Is b a composite number?
True
Let o = 54332 + -15339. Is o prime?
True
Suppose -2*v - 2*c = -51 - 21, -67 = -2*v - c. Suppose -3*i = 3*f - 303, 0 = -i - 4*f + v + 64. Is i composite?
False
Let o(w) = -18*w - 26*w + 10 + 8. Let d be o(-19). Suppose d = 8*g - 450. Is g a composite number?
False
Let k = 24 + -21. Suppose -k*d + 2*n - 7*n = -338, -3*d + 330 = -3*n. Is d prime?
False
Suppose t + o = 6*t - 38, 5*o + 15 = 0. Suppose 3*a = 3*w + 31 - t, 4*w + 26 = 2*a. Let v(l) = 41*l + 4. Is v(a) a composite number?
False
Let s(i) = 2*i**3 + 10*i**2 + 8*i + 19. Let y be s(10). Suppose -3660 = -9*w + y. Is w prime?
True
Let o(x) = -68*x - 17. Is o(-6) prime?
False
Let v = 37186 + -25641. Is v prime?
False
Let t = 14 - 37. Let l(w) = -w**3 - 22*w**2 - 13*w + 1. Is l(t) prime?
True
Let r(f) = 8*f + 1. Let s be 48/8 + 1*-2. Let t be 104/32 - 1/s. Is r(t) a prime number?
False
Let y(h) be the second derivative of -5/3*h**3 - h - 1/12*h**4 + 5*h**2 + 0. Is y(-7) composite?
False
Suppose -36 = 3*c + 9. Let l(k) = -279*k - 8. Is l(c) a prime number?
True
Suppose 0 = -c + 4*u + 27738, -c = -4*u + 8*u - 27698. Is c a composite number?
True
Suppose -4*q + 9*q = 44995. Is q composite?
False
Suppose -k - 5*m + 25 = 2*k, -2*k = -5*m + 25. Let j(f) = -f + 247. Is j(k) prime?
False
Let v be 3 + -2 + (-4)/2. Let y(i) be the third derivative of -67*i**4/24 - 5*i**2 + 3. Is y(v) prime?
True
Suppose p - 13085 = -7*d + 6*d, 0 = -4*d - 5*p + 52338. Is d prime?
False
Suppose -10*a = -5*a. Suppose 6*p = -a*p + 1110. Is p a prime number?
False
Suppose 0 = 217*w - 209*w - 102136. Is w composite?
True
Let w = 18 + -14. Is w/30 + (-22330)/(-150) composite?
False
Let s = -26 + 16. Let j = 12 + s. Suppose j*t - 311 = -3*z, -3*z - z = -3*t + 475. Is t a composite number?
False
Let d be (3 + 84 - -4)*4. Let l = d + 1735. Is l a composite number?
False
Let o(m) = 6*m + 0 + 23*m + 1. Suppose -u - 2 = -2*u. Is o(u) a composite number?
False
Suppose 4*q + 79 = 103. Let l(m) be the third derivative of -m**5/60 + 7*m**4/24 + 2*m**3/3 - m**2. Is l(q) a composite number?
True
Suppose -5*n + 1244 + 4455 = 2*b, -4*b + 11443 = -5*n. Is b a prime number?
True
Suppose -3*g + 0 - 6 = 0, -5*o = 4*g - 99197. Is o a composite number?
False
Let f(y) = 4 + 12*y + 11 + 50*y - 109*y. Is f(-10) a prime number?
False
Let n = 30 - 23. Suppose -n*w + 5*m + 342 = -5*w, -w = -m - 165. Is w a composite number?
True
Let n = -12 + 10. Is n*((-19884)/8)/1 a prime number?
False
Let r be (34/51)/((-4)/(-18)). Suppose s + 221 = -5*v + 2083, -r = s. Is v prime?
True
Let o(j) = 398*j - 43. Is o(3) prime?
True
Let m be -2 + (1 - 2)*0. Let s be -23*1*(m + 5). Is s/(-2 + 2/4) a prime number?
False
Is 2/(-3)*(-2)/(24/58878) a composite number?
False
Let v(d) = d + 3. Let u be v(4). Suppose 0 = 5*q - q - 8. Suppose -q*h - 2705 = -u*h. Is h a composite number?
False
Let y(c) = c**3 - 3*c**2 + 2*c + 1. Let d be y(3). Suppose d*w - 3464 = -692. Suppose -3*u + 357 = -w. Is u prime?
True
Let s(i) = i**2 - 17*i - 34. Let a(z) = -2*z**2 + 35*z + 69. Let c(r) = -2*a(r) - 5*s(r). Is c(10) a composite number?
True
Suppose -3*w + 4*w - 286 = 0. Suppose t = 3*t - w. Suppose b = -40 + t. Is b composite?
False
Let s(z) = z**3 + 2*z**2 - 5*z + 2. Let q be s(3). Let v be (1256/q)/(1/4). Let m = v - 12. Is m a composite number?
True
Is 2/(-8) - (953340/(-48) - 10) composite?
True
Let q = 335 + 4812. Is q prime?
True
Suppose -19*n = -10*n. Is (1959 + n)*2/6*2 a prime number?
False
Let r = 54 - 51. Suppose 5*q - 848 - 110 = -r*y, 0 = 3*y - 3. Is q prime?
True
Suppose 2*s = 5*n - 3241, 34*s = n + 29*s - 662. Is n a prime number?
True
Is (4/3)/(-9*36/(-32189967)) composite?
False
Let g(c) = 904*c**3 + 7*c**2 + 10. Is g(3) a composite number?
False
Let h(g) = -1199*g + 159. Is h(-14) prime?
False
Let a = 312 - -595. Is a composite?
False
Suppose -6*f = -11*f + 3*r + 411, 407 = 5*f - r. Let u = -5 - 17. Let i = f + u. Is i a prime number?
True
Let a be (-3)/9 + ((-50120)/(-12))/(-7). Let q = -200 - a. Is q prime?
True
Suppose u + 14 = -4*z, 0 = 3*u - 5*u + 5*z + 11. Let q be 1/((-1)/(-12)*u). Is 446/(-4)*(q + 4) prime?
True
Let m(g) = 697*g**2 + 3*g - 3. Is m(-2) prime?
False
Is 559373/6 - (-30)/180 composite?
False
Suppose 18*g - 13*g = 8740. Suppose -g = -7*w + 1311. Is w prime?
False
Suppose -b - 16732 = -4*p, 2*b = -5*p + 3*b + 20916. Let j = p + -1725. Is j composite?
False
Suppose 4*q = -3*u - u + 52, 3*u + 2*q = 34. Suppose 396 = -u*w + 1588. Is w composite?
False
Let s(w) be the second derivative of 5*w**4/3 + 2*w**3/3 - w**2/2 - 37*w. Suppose -1 = 2*v - 7. Is s(v) a prime number?
True
Suppose -3110 = -4*m + 9*k - 8*k, -5*k = 5*m - 3875. Suppose 2*c = 5*t + m, -t - 390 = -2*c + c. Is c a composite number?
True
Let m(h) = 3*h - 4*h - 9 + 38*h**2 - 23*h**2 - h**3. Is m(10) a prime number?
False
Let s be 2 + 0 + 0 + 2. Let r be 4*(-64)/1*s. Is 2/(-6) + r/(-12) composite?
True
Suppose 5*q = 51 - 71. Let s(r) = -2*r**3 - r**3 + 7*r**2 - r - 1 + 4*r**3. Is s(q) prime?
False
Suppose 0 = 2*w - 6 - 2. Suppose 5*a - 3*c = 3680, -8*a = -w*a - 3*c - 2941. Suppose -5*u + 816 + a = 0. Is u prime?
True
Let f(r) = -21*r**2 + 4*r + 3 - 6*r**3 + 8*r**2 + 12*r**2. Let b = -12 - -10. Is f(b) a composite number?
True
Suppose -2*z = 2*b - 8, 0*b = -5*b + 5*z + 70. Let v be (30/b)/5*3. Is v/(-3) - 428/(-12) composite?
True
Is ((-35772)/18)/((-2)/3) a prime number?
False
Let v = 5313 + -1335. Let h = v - -8069. Is h a composite number?
True
Suppose 39 = 9*s - 33. Suppose s*c = 5*c + 23169. Is c prime?
True
Let y(h) be the third derivative of 1/3*h**3 + 5*h**2 + 0*h - 67/24*h**4 + 0. Is y(-3) composite?
True
Suppose -6*f = -3*f - 1269. Suppose 0 = -n - q + f, 29 - 9 = -5*q. Is n a prime number?
False
Let n = -10527 + 16234. Is n a composite number?
True
Let v(l) be the third derivative of l**5/60 + l**4/8 + l**3/3 + 4*l**2. Let s be v(9). Let x = s + 99. Is x a composite number?
True
Let g(p) = 90*p + 112. Is g(29) a prime number?
False
Let m = -793 - -1602. Is m a prime number?
True
Let d = 1421 - -340. Is d a prime number?
False
Let k = -737 + 3499. Is k a composite number?
True
Let z be (-40)/32 - 1/(-4)